 - 5*l**2 - 4*l + 3. Let f be k(6). Let z be ((-20)/(-25))/(2/f). Let s = z + 3. Calculate the highest common divisor of s and 9.
9
Suppose 8 = 4*x, 2*r + 5*x - 7*x - 2 = 0. Suppose -d = -p - 6, 0 = -2*p - p - 12. What is the greatest common divisor of d and r?
1
Suppose 14*b - 37 + 23 = 0. What is the greatest common divisor of b and 121?
1
Suppose 7121 + 2944 = 15*y. Calculate the greatest common factor of 183 and y.
61
Let a = 64 + -16. What is the highest common factor of 84 and a?
12
Suppose 5*f = 670 - 75. Suppose 3*b = -0*b + 39. Suppose -b = -2*n + 21. Calculate the greatest common divisor of f and n.
17
Let k = 664 + -644. Calculate the greatest common divisor of 2500 and k.
20
Let a = -85 + 151. Suppose 27 = 5*g + x, x + 2*x + 9 = 0. Calculate the highest common divisor of a and g.
6
Let h = -92 + 93. Calculate the highest common divisor of 16 and h.
1
Suppose -5*q - 5*b + 49 + 1 = 0, q - 5*b = 16. Suppose 2*f - 284 = -2*m, 0 = 105*f - 102*f - 4*m - 433. Calculate the highest common divisor of q and f.
11
Suppose 0 = -4*b - 20, -2*q - 2*q + 586 = 6*b. Calculate the highest common divisor of 182 and q.
14
Let p(q) = -3*q - 3. Let w be p(-1). Suppose -44*i + 47*i - 12 = w. Let k = 7 + 3. What is the highest common divisor of i and k?
2
Suppose 0 = -4*l + 3*s + 47, -l + 4*l + s = 19. Let r = l - 0. Suppose -5*h + r = -17, 4*f - 5*h - 311 = 0. Calculate the highest common divisor of f and 12.
12
Let s = 38 - 28. Suppose 771 + 589 = s*l. What is the highest common divisor of 17 and l?
17
Suppose 15*n = -25*n + 10440. What is the greatest common factor of 18 and n?
9
Let b = -209 - -248. What is the greatest common factor of b and 403?
13
Suppose 2*j + 3*m = 7, j + 3*j - m = 49. What is the greatest common divisor of j and 275?
11
Suppose -3*j = 2*i - 14, 2*i + j - 3*j - 14 = 0. Let s(r) = -2*r**2 - 38*r - 89. Let h be s(-3). Calculate the highest common divisor of h and i.
7
Let q(k) = -12*k + 2. Let f be q(3). Let i = f - -70. Calculate the highest common divisor of i and 48.
12
Suppose 9072 = 60*t + 12*t. Calculate the highest common divisor of 98 and t.
14
Let x be (2 - -1)/3 + 147. Suppose -169 = -5*y + n, 0 = -4*y - 2*n + x - 10. What is the greatest common divisor of y and 374?
34
Suppose 0 = -2*c - 321 + 105. Let o = 213 + c. Suppose -4*d = -3*d - o. Calculate the greatest common divisor of 21 and d.
21
Let s be ((-333)/12)/(1/(-20)). Let x be s/(-20) - (-1)/(-4). Let k be (48/x)/((-2)/28). Calculate the greatest common divisor of k and 60.
12
Suppose -q + 4 - 1 = 0. Suppose 4*k + 8 = 0, q*k = -5*x + k + 46. Suppose 3*h + 10 = 4*h. Calculate the greatest common factor of x and h.
10
Suppose -l - 3 = 2. Let b be 16/(-3) - (-6)/(-9). Let r be (-1)/(l/b + -1). Calculate the highest common divisor of 18 and r.
6
Let i(c) = 3*c - 9. Let t be i(9). Let g = -11 + t. Let q be 2*4*5 - -2. Calculate the greatest common divisor of g and q.
7
Let w = -1707 + 2427. Let o be 4*(-3 - (-21)/6). Let f be ((-1)/o)/((-3)/w). What is the highest common factor of f and 12?
12
Let q = -52 - -47. Let r be 4/q - 1428/(-85). Let c(x) = -x**3 + 4*x**2 - 4*x + 2. Let y be c(2). What is the highest common factor of r and y?
2
Let u(p) = -p**2 + 5*p - 2. Let z be u(6). Let a be 12/z - (-6)/4. Suppose a = x - 8. Calculate the highest common factor of 8 and x.
8
Suppose 0*g + 7494 = 4*g - 3*f, 5*f - 7510 = -4*g. Calculate the highest common divisor of g and 15.
15
Let s(b) = -24*b - 83. Let l be s(-9). Calculate the greatest common factor of l and 14.
7
Suppose -9*f = -10*f. Suppose 0 = -3*a + 5*a + 16. Let q be (-63)/6*a + f. What is the greatest common factor of q and 21?
21
Let r(j) = 4*j**3 - 3*j + 2. Let p be 2 - (3 - 6)/3 - 2. Let a be r(p). Calculate the highest common factor of 2 and a.
1
Let n be 18 + -1 + 1*-1. Suppose 3*r = n - 1. Let t(p) = 2*p**3 - 9*p**2 + 11*p - 5. Let m be t(3). Calculate the greatest common divisor of m and r.
1
Let r be 2/2*(-61 - -88). Calculate the highest common divisor of r and 459.
27
Suppose j = b + 97 + 92, -2*b = -4*j + 752. What is the highest common divisor of 33 and j?
11
Let m(v) = -2*v + 42. Let z = 83 + -65. Let o be m(z). What is the greatest common factor of o and 42?
6
Suppose 11 = 4*q - 9. Suppose -l + 4*a = -25, q*a = -l + a + 17. Let r = -10 + l. What is the highest common factor of r and 11?
11
Suppose -n = 3*k, -5*n = 5*k - 2*n. Let m(u) = -u**3 - u**2 - 2*u + 107. Let z be m(k). Suppose -2*t = -z + 29. What is the highest common factor of t and 13?
13
Suppose 0 = -2*z + 3*d + 48, -3*z + d = -17 - 41. Let t be (48/z)/((-1)/(-3)). What is the greatest common factor of t and 4?
4
Let f = -8 + 38. Let y = 141 + -66. What is the greatest common factor of f and y?
15
Let s = -133 + 160. What is the highest common factor of s and 216?
27
Let i be ((-3)/2)/(1/(-6)). Let x = 215 + -209. Calculate the greatest common factor of x and i.
3
Let h be 3/((-30)/(-4)) - 256/(-10). Suppose j - 272 - 14 = 0. What is the highest common divisor of j and h?
26
Let h(k) = 11 + k**3 + 8*k - k - 19 - 6*k**2. Let o be h(8). What is the highest common factor of 11 and o?
11
Suppose 36 = 2*f + f. Let t(r) = -r + 11. Let q be t(5). Suppose -6*h + q = -f. What is the greatest common factor of 6 and h?
3
Let s = -12 - -8. Let m(i) = -i - 1. Let c be m(s). Let w(f) = 17*f + 5. Let v be w(c). Calculate the greatest common factor of v and 7.
7
Suppose 4*p - 60 = -284. Let o = 71 + p. What is the greatest common factor of o and 135?
15
Let r(j) = 2*j**2 - 2*j - 2. Let g be r(-2). Let t = -114 + 124. What is the greatest common divisor of g and t?
10
Let d be -1 - (-26)/(2 + -1). Suppose -19*a - 190 = -0*a. Let p = d + a. What is the highest common divisor of p and 165?
15
Suppose -55*s = 5*q - 58*s - 1153, -2 = 2*s. What is the greatest common divisor of 20 and q?
10
Suppose -5*o = -14*o + 2376. Suppose 0 = 6*w - 3*w - o. What is the greatest common factor of w and 22?
22
Let i = -608 - -773. Calculate the highest common factor of i and 33.
33
Let g = 7 + -6. Let z(t) = t**3 + 5*t**2 + 3*t. Let j be z(-4). Suppose -8*s = -j*y - 3*s + 43, 2*y - s - 17 = 0. What is the highest common factor of g and y?
1
Let t = 31 + 919. Calculate the highest common divisor of t and 50.
50
Suppose 4*k + 960 = 2*l, -509*l + 513*l - 5*k - 1920 = 0. Calculate the highest common divisor of 30 and l.
30
Let h(f) = -24*f - 525. Let o be h(-26). What is the highest common divisor of o and 63?
9
Let v(s) = -9*s**2 + 90*s + 18. Let t be v(10). Let d = -2 + 29. Calculate the highest common factor of t and d.
9
Let f be 0*2/10 + -26. Let p = f + 49. Calculate the greatest common factor of p and 184.
23
Let r(x) = x**3 - 8*x**2 + 8*x - 5. Suppose -5*j = a - 2*a - 35, -3*j = 2*a - 21. Let i be r(j). What is the highest common factor of i and 8?
2
Let v = -631 + 1217. Suppose -v + 136 = -5*t. What is the highest common factor of t and 30?
30
Suppose 0 = 4*c + 3*v - 64, 5*c + 1 = 3*v + 108. Let q(u) = -u**3 - 4*u**2 - 11*u - 23. Let b be q(-5). Calculate the highest common factor of c and b.
19
Let n(l) = -l**3 - 33*l**2 - 270*l - 8. Let t be n(-19). Calculate the greatest common divisor of 36 and t.
4
Let q = -66 + 65. Let k be 0 + (169 + q)*(-6)/(-9). Calculate the highest common factor of k and 7.
7
Suppose 386*u = 374*u + 15036. What is the greatest common factor of 7 and u?
7
Let p = 23 - -3. Let r = p + 4. What is the highest common factor of 45 and r?
15
Let i(t) = -t**3 + 3*t**2 - 2*t. Let z be i(2). Let a = z - -3. Let b = -40 - -43. What is the greatest common divisor of b and a?
3
Suppose 9*i - 1536 = 1218. Calculate the greatest common factor of i and 272.
34
Suppose -2*p - 5*k + 26 = 0, -4*p - k + 0*k = -16. Suppose 5*r - 5*u - 2945 = -0*r, 0 = -r - p*u + 609. What is the greatest common factor of r and 54?
54
Suppose -3*x + 6*x = 60. Let i be (18 - 0)*x/8. Let z be -2*(3 - i) - -1. Calculate the highest common factor of z and 34.
17
Suppose 3*g - g = 34. Suppose 116 = -2*m - 108. Let n = 248 + m. What is the highest common factor of n and g?
17
Let p(z) = -z**3 + 8*z**2 + z + 12. Let a be p(8). Let y = a - -110. Calculate the highest common factor of 10 and y.
10
Let j be (-12 - -6)*8/(-6). Let s(b) = -b + 14. Let f be s(-14). What is the highest common